 the remainder when 124 is divided by 13.
7
Calculate the remainder when 94 is divided by 26.
16
Calculate the remainder when 246 is divided by 64.
54
What is the remainder when 164 is divided by 44?
32
What is the remainder when 598 is divided by 20?
18
What is the remainder when 3058 is divided by 30?
28
Calculate the remainder when 1146 is divided by 50.
46
Calculate the remainder when 2305 is divided by 474.
409
What is the remainder when 185 is divided by 20?
5
What is the remainder when 165 is divided by 7?
4
Calculate the remainder when 37901 is divided by 11.
6
What is the remainder when 2552 is divided by 155?
72
Calculate the remainder when 909 is divided by 254.
147
What is the remainder when 3165 is divided by 11?
8
Calculate the remainder when 269 is divided by 266.
3
What is the remainder when 125 is divided by 9?
8
What is the remainder when 68 is divided by 7?
5
Calculate the remainder when 3562 is divided by 210.
202
What is the remainder when 195 is divided by 65?
0
Calculate the remainder when 6310 is divided by 12.
10
What is the remainder when 4444 is divided by 2222?
0
Calculate the remainder when 1699 is divided by 27.
25
Calculate the remainder when 133 is divided by 47.
39
What is the remainder when 222 is divided by 57?
51
Calculate the remainder when 1035 is divided by 6.
3
What is the remainder when 893 is divided by 28?
25
What is the remainder when 169 is divided by 47?
28
Calculate the remainder when 7841 is divided by 148.
145
Calculate the remainder when 854 is divided by 61.
0
Calculate the remainder when 904 is divided by 137.
82
Calculate the remainder when 1593 is divided by 186.
105
Calculate the remainder when 1222 is divided by 215.
147
What is the remainder when 589 is divided by 124?
93
Calculate the remainder when 42 is divided by 21.
0
Calculate the remainder when 1062 is divided by 261.
18
What is the remainder when 3877 is divided by 97?
94
Calculate the remainder when 125 is divided by 14.
13
What is the remainder when 129 is divided by 44?
41
Calculate the remainder when 643 is divided by 48.
19
Calculate the remainder when 654 is divided by 323.
8
What is the remainder when 719 is divided by 18?
17
What is the remainder when 153 is divided by 17?
0
Calculate the remainder when 4087 is divided by 47.
45
Calculate the remainder when 8437 is divided by 211.
208
What is the remainder when 23 is divided by 2?
1
What is the remainder when 6801 is divided by 324?
321
Calculate the remainder when 218 is divided by 22.
20
Calculate the remainder when 248 is divided by 51.
44
What is the remainder when 734 is divided by 251?
232
What is the remainder when 5643 is divided by 34?
33
Calculate the remainder when 193 is divided by 160.
33
What is the remainder when 9959 is divided by 4975?
9
Calculate the remainder when 7416 is divided by 2469.
9
What is the remainder when 466 is divided by 34?
24
Calculate the remainder when 156 is divided by 86.
70
Calculate the remainder when 190 is divided by 51.
37
Calculate the remainder when 269 is divided by 32.
13
Calculate the remainder when 149 is divided by 83.
66
What is the remainder when 4791 is divided by 209?
193
Calculate the remainder when 321 is divided by 102.
15
What is the remainder when 607 is divided by 22?
13
What is the remainder when 76 is divided by 27?
22
What is the remainder when 159 is divided by 32?
31
Calculate the remainder when 977 is divided by 35.
32
What is the remainder when 428 is divided by 223?
205
What is the remainder when 153 is divided by 6?
3
Calculate the remainder when 148 is divided by 15.
13
What is the remainder when 202 is divided by 54?
40
What is the remainder when 137 is divided by 10?
7
What is the remainder when 160 is divided by 4?
0
What is the remainder when 757 is divided by 23?
21
Calculate the remainder when 317 is divided by 150.
17
What is the remainder when 1614 is divided by 147?
144
Calculate the remainder when 524 is divided by 205.
114
What is the remainder when 168 is divided by 34?
32
Calculate the remainder when 84 is divided by 54.
30
Calculate the remainder when 174 is divided by 48.
30
What is the remainder when 71 is divided by 36?
35
What is the remainder when 2055 is divided by 71?
67
Calculate the remainder when 226 is divided by 6.
4
Calculate the remainder when 1025 is divided by 84.
17
Calculate the remainder when 305 is divided by 53.
40
Calculate the remainder when 248 is divided by 31.
0
Calculate the remainder when 58 is divided by 20.
18
Calculate the remainder when 219 is divided by 22.
21
What is the remainder when 396 is divided by 169?
58
What is the remainder when 303 is divided by 51?
48
What is the remainder when 1027 is divided by 49?
47
What is the remainder when 141 is divided by 72?
69
Calculate the remainder when 77 is divided by 26.
25
What is the remainder when 44 is divided by 27?
17
What is the remainder when 325 is divided by 109?
107
Calculate the remainder when 247 is divided by 141.
106
Calculate the remainder when 603 is divided by 118.
13
Calculate the remainder when 1249 is divided by 59.
10
What is the remainder when 126 is divided by 13?
9
What is the remainder when 37756 is divided by 21?
19
What is the remainder when 776 is divided by 37?
36
What is the remainder when 455 is divided by 24?
23
Calculate the remainder when 416 is divided by 14.
10
Calculate the remainder when 95 is divided by 16.
15
Calculate the remainder when 56 is divided by 27.
2
Calculate the remainder when 292 is divided by 15.
7
What is the remainder when 89412 is divided by 15?
12
Calculate the remainder when 156 is divided by 27.
21
Calculate the remainder when 1966 is divided by 48.
46
Calculate the remainder when 62 is divided by 22.
18
Calculate the remainder when 700 is divided by 99.
7
Calculate the remainder when 158 is divided by 44.
26
Calculate the remainder when 911 is divided by 224.
15
What is the remainder when 120 is divided by 72?
48
Calculate the remainder when 345 is divided by 60.
45
What is the remainder when 85 is divided by 37?
11
What is the remainder when 115 is divided by 17?
13
Calculate the remainder when 113 is divided by 53.
7
Calculate the remainder when 108 is divided by 27.
0
Calculate the remainder when 1416 is divided by 13.
12
What is the remainder when 977 is divided by 291?
104
What is the remainder when 482 is divided by 94?
12
Calculate the remainder when 50 is divided by 33.
17
What is the remainder when 267 is divided by 77?
36
Calculate the remainder when 356 is divided by 283.
73
What is the remainder when 20165 is divided by 243?
239
Calculate the remainder when 3321 is divided by 1659.
3
What is the remainder when 8577 is divided by 29?
22
What is the remainder when 707 is divided by 22?
3
What is the remainder when 237 is divided by 64?
45
Calculate the remainder when 8573 is divided by 72.
5
What is the remainder when 312 is divided by 64?
56
Calculate the remainder when 1230 is divided by 16.
14
What is the remainder when 613 is divided by 22?
19
Calculate the remainder when 10575 is divided by 43.
40
Calculate the remainder when 413 is divided by 53.
42
Calculate the remainder when 381 is divided by 6.
3
What is the remainder when 2347 is divided by 50?
47
What is the remainder when 1687 is divided by 141?
136
What is the remainder when 608 is divided by 14?
6
What is the remainder when 153 is divided by 41?
30
Calculate the remainder when 252 is divided by 8.
4
Calculate the remainder when 2323 is divided by 14.
13
What is the remainder when 623 is divided by 12?
11
Calculate the remainder when 964 is divided by 138.
136
What is the remainder when 95 is divided by 51?
44
What is the remainder when 226 is divided by 33?
28
Calculate the remainder when 98 is divided by 19.
3
Calculate the remainder when 1527 is divided by 6.
3
Calculate the remainder when 325 is divided by 58.
35
Calculate the remainder when 508 is divided by 129.
121
What is the remainder when 23 is divided by 23?
0
What is the remainder when 966 is divided by 191?
11
What is the remainder when 44 is divided by 43?
1
Calculate the remainder when 1665 is divided by 827.
11
What is the remainder when 968 is divided by 51?
50
What is the remainder when 610 is divided by 